est common divisor of l and 2884?
206
Let f be 208/100 - ((-24)/150)/(-2). Suppose -5*p = n - 90, -4*n - 5*p + f*p + 428 = 0. What is the greatest common divisor of 88 and n?
22
Let x be (-2794)/(-22) + (5/(-15))/(1/9). What is the greatest common factor of x and 1612?
124
Suppose 3*t = -4*x + 13708, 3*x - 3*t - 7682 = 2599. Calculate the highest common factor of x and 1043.
149
Let b be (150/15 - (-305)/(-20))/((-3)/24). Calculate the highest common divisor of b and 13146.
42
Suppose b + 22 = 4*b + 2*m, 0 = 3*b - m - 7. Suppose i + 9 = b*y - 7, 3*y = -2*i + 12. What is the highest common divisor of 34 and y?
2
Suppose 3*n - 15*l + 17*l - 72 = 0, -3*l + 120 = 5*n. Let q be -12*(-16)/n*24. Calculate the greatest common divisor of 12 and q.
12
Suppose 0*y + 1344 = 7*y. Suppose -17*f + 13*f = -y. Suppose -6*m + 4*m + f = 0. What is the greatest common factor of 3 and m?
3
Let x be 6/(-4)*96/(-9). Let q be -1*(-5 + 2) + -2. Suppose -4*z + 12 = 4*w, w + 3*z = 2 - q. What is the highest common factor of x and w?
4
Let l = 13588 - 13552. Calculate the greatest common factor of l and 9882.
18
Suppose 5*n = -1869 + 6809. Suppose -49 = -4*m - 3*i, -2*i + 190 = 2*m + 166. What is the highest common divisor of m and n?
13
Let w = -452 + 471. Suppose w*t - 6*t - 312 = 0. Calculate the highest common divisor of t and 10.
2
Let c(v) = -8*v - 6. Let a be c(5). Let p = a + 76. Suppose 236*z + 1170 = -308*z + 3890. Calculate the highest common divisor of z and p.
5
Let i(y) = -11*y + 3 - 141*y**2 + 144*y**2 - 6*y. Let s be i(6). Calculate the greatest common divisor of 279 and s.
9
Let s = -16537 - -16834. Calculate the greatest common factor of s and 451.
11
Let l be (-2)/(-11) + (-1000)/55. Let y = l - -28. Let p(u) = u**3 - 29*u**2 + 40. Let f be p(29). Calculate the greatest common divisor of f and y.
10
Let z be ((-42)/4)/((2/15)/((-4644)/135)). Calculate the greatest common factor of 516 and z.
129
Let x(z) = -z**2 + 20*z + 33. Let d be x(0). Calculate the greatest common factor of d and 759.
33
Suppose -20*g + 3*b + 132 = -19*g, b = -6. Calculate the highest common divisor of g and 57.
57
Let m be 25340/((-5)/(-3)*-3 - 6/(-1)). What is the highest common factor of 14 and m?
14
Suppose 7*i + 32*i - 2046 = 8*i. Let h(k) = k**3 + 7*k**2 + 4*k + 3. Let p be h(-5). What is the greatest common factor of i and p?
33
Let i be 24/36 + (-624)/(-9) + -4. Calculate the highest common factor of i and 506.
22
Let i be (18/15)/(10/250) - -3. What is the highest common divisor of 891 and i?
33
Let p(y) = -217*y + 11. Let l be p(-5). Suppose 7*o - l = -200. Suppose -9*m = m - 160. Calculate the highest common divisor of o and m.
16
Suppose 194*p + 40 = 204*p. Calculate the highest common divisor of p and 264.
4
Let j be (30 - 57486/99)*(-6)/4. What is the highest common factor of 294 and j?
14
Let s = -891 + 937. Let p = -8 + 31. What is the highest common divisor of p and s?
23
Let a be (-5)/((-75)/3696) - (-216)/360. What is the highest common divisor of 2109 and a?
19
Let y be 5 + 158 + -21 - 10*1. What is the greatest common divisor of 4596 and y?
12
Let x be (-22337)/(-56) + (-5)/(-20)*(-1)/(-2). Calculate the highest common divisor of 168 and x.
21
Suppose -j + 8 = 2*z, 68 = 5*j - 4*z - 0*z. Suppose 3*h + 0 = j. Let i be 168/3*(484/77 - 6). What is the highest common divisor of i and h?
4
Suppose -4*m - 20*p + 2140 = -25*p, -2*m = p - 1084. What is the greatest common factor of 1476 and m?
36
Let n(r) = 117*r**2 + 3*r. Suppose 0 = -2*h - 24 + 38. Let c be (-4 + h)*2/6. Let v be n(c). Calculate the highest common divisor of 24 and v.
24
Let r be ((-3)/(-5))/3 + 75/((-2625)/(-351218)). Calculate the greatest common divisor of r and 223.
223
Suppose 3*k + 8247 = 5*u - 7666, -3*k + 12 = 0. What is the greatest common factor of u and 315?
35
Suppose 130664 = 8*v + 26*v + 25298. What is the highest common divisor of v and 9?
3
Suppose 0 = l + 14 - 6. Let u be ((-308)/(-21))/((l/(-3))/4). Suppose -11*t = -3*t - 264. Calculate the greatest common divisor of t and u.
11
Let o(a) = -a**2 + 0 - 15 - 1 - 18*a + 0. Let h be o(-15). Suppose -2*x + 3 = -r + x, 0 = -r - 5*x + h. Calculate the greatest common divisor of 9 and r.
9
Let a be (-6 + 1)*404/(-10). Let l = -132 + a. Let p = -155 + 165. What is the highest common divisor of p and l?
10
Let w be (-8)/(-3)*(13 + (2 - -51)). What is the highest common factor of w and 1254?
22
Suppose -27*j + 7455 + 753 = 0. What is the greatest common factor of 893 and j?
19
Let q(g) = -26*g + 16. Suppose 0 = -15*p + 6*p - 72. Let b be q(p). What is the highest common divisor of b and 14?
14
Let w be (21 - 23)/(-1 - 3/(-4)). Suppose w*k = -4*k + 1260. Let d = 117 - k. Calculate the highest common factor of 18 and d.
6
Let j be 519/2249 + (-115798)/(-26). What is the greatest common divisor of 51 and j?
17
Suppose 57 = 50*h - 1928 - 815. Calculate the highest common divisor of 2296 and h.
56
Let l(h) = h + 10. Let q be l(13). Suppose -2*a + 1 = -q. Suppose -7*s = -6*s - a. Calculate the greatest common factor of 30 and s.
6
Suppose 8*f = 2*q + 4*f + 44, 0 = q + 5*f - 13. Let r be ((-6552)/16)/(-9)*q/(-7). Calculate the greatest common divisor of 338 and r.
26
Let t = 9109 + -3596. Calculate the greatest common divisor of 149 and t.
149
Let j be 4 + -4*1/2. Suppose -j*g = 33 - 55. What is the highest common divisor of 517 and g?
11
Suppose 0 = 5*b - 31*s + 33*s - 37, -3*s = 12. Let w be (-1036)/(-12) + (-12)/b. What is the greatest common divisor of 17 and w?
17
Suppose -2*f = -3*m - 13836 - 3594, -4*f + 34860 = -3*m. What is the highest common divisor of f and 210?
105
Suppose 2*m + 109 = 3*t, 0 = t + 5*m - 1 - 41. Let l be t/3 - (49/21 + -2). Calculate the greatest common divisor of 114 and l.
6
Let q be -10*4/40*-914. Suppose 11*f - 340 - q = 0. Suppose f = -66*k + 69*k. Calculate the highest common divisor of k and 57.
19
Let t be 4 + 0 + -3 + -61. Let r = -56 - t. Suppose -51 = s + 5*n - 161, r*s = 2*n + 352. Calculate the highest common divisor of 10 and s.
10
Let f = -156 - -110. Let d = -43 - f. Suppose 0 = d*o + 2*n - 546, -2*n + 4*n = -4*o + 726. Calculate the greatest common divisor of 36 and o.
36
Let q(g) = -2*g**3 + 117*g**2 + 63*g - 166. Let n be q(59). Calculate the highest common divisor of n and 35.
35
Suppose -4*l + 46 = 2*w, 4*l = 3*w - 8 + 49. Suppose 133 = l*n - 714. Calculate the greatest common factor of n and 77.
77
Let w be -2 - (176/20)/(2/(-5)). Suppose -119 = 19*y - w*y. Calculate the greatest common divisor of 21 and y.
7
Let u = -51159 - -51162. Let s be 382/4 - 3/(-6). Calculate the greatest common factor of s and u.
3
Suppose 4*p + 432 = 7*p. Let l = -5 - -9. Calculate the greatest common factor of p and l.
4
Let p(u) = -u**3 - 20*u**2 + 3*u + 84. Suppose -4*v - 478 = -398. Let m be p(v). Calculate the highest common factor of 1 and m.
1
Let f(t) = -480*t + 652. Let q be f(-2). What is the greatest common factor of 52 and q?
52
Let i be 57/(-6) - (-6)/12. Let b be 4/((-4)/i)*(1 - 0). What is the greatest common factor of b and 15?
3
Let g(r) = 4*r**2 + 2*r**2 - 5*r**2 - 2 + 129*r - 118*r. Let q be g(5). Let t = -68 + q. What is the highest common factor of 15 and t?
5
Suppose -330 = 12*b - 18*b. Suppose 0 = -7*s + 187 - 33. Calculate the highest common factor of b and s.
11
Let f = -58704 - -58738. Let p = 80 + -46. What is the greatest common divisor of f and p?
34
Suppose p = -2 + 8. Let h(v) = -24*v + 9. Let m be h(p). Let k be (4 - 13/3)/(3/m). Calculate the highest common factor of k and 10.
5
Let p(s) = 3515*s**2 - 24*s - 35. Let b be p(-1). Calculate the greatest common divisor of 2847 and b.
219
Let w = 79 - 75. Let j be (-2 + w/(-1))*(-32)/12. Suppose 32 = j*m - 12*m. What is the greatest common divisor of 88 and m?
8
Let w = 4108 + -3023. What is the highest common factor of w and 93?
31
Let o(q) = q**3 + 20*q**2 + 16*q - 55. Let a be o(-19). Let r be 4/a*((43 - -5) + 4). Calculate the highest common factor of r and 8.
8
Suppose -5*i + 20 = -2*l, -3*l + 2*i = -2 + 10. Suppose l = 4*o + 181 - 205. What is the highest common factor of 15 and o?
3
Let s be (8 - (-170)/8)/(9/(-24)). Let w be 4 + (-13)/(s/12). What is the highest common factor of w and 474?
6
Suppose -z = 2*c - 6, -5*c - 4*z + 0*z + 1